922242?
9
What is the hundred thousands digit of 419389420?
3
What is the hundred millions digit of 204570800?
2
What is the units digit of 4271735886?
6
What is the hundreds digit of 52805052?
0
What is the hundred thousands digit of 278178778?
1
What is the hundred thousands digit of 1212755128?
7
What is the hundred thousands digit of 73974579?
9
What is the thousands digit of 290165682?
5
What is the millions digit of 987265640?
7
What is the hundreds digit of 3418022149?
1
What is the ten thousands digit of 27670101?
7
What is the hundred thousands digit of 455946354?
9
What is the tens digit of 9891663?
6
What is the thousands digit of 4874054?
4
What is the units digit of 2580670041?
1
What is the units digit of 41871911?
1
What is the ten millions digit of 277144641?
7
What is the ten thousands digit of 849507644?
0
What is the hundreds digit of 6597618961?
9
What is the ten millions digit of 119848783?
1
What is the millions digit of 17034334?
7
What is the ten thousands digit of 1632917835?
1
What is the hundred thousands digit of 1412746287?
7
What is the millions digit of 56416894?
6
What is the ten thousands digit of 125308482?
0
What is the hundreds digit of 362227322?
3
What is the tens digit of 20922606?
0
What is the units digit of 101444521?
1
What is the thousands digit of 98024602?
4
What is the hundred thousands digit of 70516277?
5
What is the units digit of 114650528?
8
What is the hundreds digit of 45571009?
0
What is the ten thousands digit of 33404161?
0
What is the hundreds digit of 102132391?
3
What is the units digit of 117558085?
5
What is the thousands digit of 481289893?
9
What is the units digit of 4618179112?
2
What is the ten thousands digit of 247834213?
3
What is the ten millions digit of 561636483?
6
What is the units digit of 2917198778?
8
What is the hundred millions digit of 862840219?
8
What is the millions digit of 1489348203?
9
What is the millions digit of 67692086?
7
What is the ten millions digit of 5522671131?
2
What is the tens digit of 1960272638?
3
What is the thousands digit of 675113887?
3
What is the tens digit of 1583047881?
8
What is the hundred thousands digit of 46590950?
5
What is the billions digit of 1065109380?
1
What is the thousands digit of 4667590259?
0
What is the millions digit of 387691296?
7
What is the millions digit of 1762010159?
2
What is the units digit of 25796238?
8
What is the units digit of 180630831?
1
What is the hundreds digit of 368827695?
6
What is the hundreds digit of 40373166?
1
What is the units digit of 129333124?
4
What is the ten thousands digit of 184383075?
8
What is the tens digit of 17118111?
1
What is the billions digit of 1011757831?
1
What is the ten thousands digit of 71840409?
4
What is the millions digit of 1443951662?
3
What is the thousands digit of 174324385?
4
What is the ten millions digit of 40799731?
4
What is the hundred thousands digit of 884226234?
2
What is the units digit of 230627763?
3
What is the thousands digit of 523874212?
4
What is the units digit of 55968702?
2
What is the ten millions digit of 34696193?
3
What is the hundreds digit of 53781413?
4
What is the millions digit of 1285660528?
5
What is the ten millions digit of 6853802178?
5
What is the hundred thousands digit of 528121782?
1
What is the millions digit of 1235165040?
5
What is the tens digit of 42310988?
8
What is the billions digit of 3028051619?
3
What is the hundred millions digit of 225872953?
2
What is the units digit of 1749884096?
6
What is the millions digit of 35313427?
5
What is the units digit of 842761499?
9
What is the hundred millions digit of 1785425506?
7
What is the ten millions digit of 4024233776?
2
What is the hundred thousands digit of 38902346?
9
What is the ten thousands digit of 6118186785?
8
What is the hundreds digit of 3073570686?
6
What is the millions digit of 2385002093?
5
What is the ten millions digit of 917688843?
1
What is the thousands digit of 57703541?
3
What is the hundred thousands digit of 33764573?
7
What is the millions digit of 1260552376?
0
What is the tens digit of 441554794?
9
What is the hundreds digit of 204458004?
0
What is the thousands digit of 24822194?
2
What is the thousands digit of 425953189?
3
What is the millions digit of 29427593?
9
What is the units digit of 124478770?
0
What is the ten millions digit of 123734147?
2
What is the hundred thousands digit of 69948339?
9
What is the thousands digit of 776602287?
2
What is the ten thousands digit of 6507264?
0
What is the hundreds digit of 804698985?
9
What is the hundreds digit of 128567164?
1
What is the hundreds digit of 225204713?
7
What is the ten millions digit of 126940670?
2
What is the hundred millions digit of 1498173792?
4
What is the thousands digit of 10319561?
9
What is the millions digit of 58730146?
8
What is the tens digit of 2249800817?
1
What is the hundred thousands digit of 2027148777?
1
What is the hundred thousands digit of 132830344?
8
What is the millions digit of 67121478?
7
What is the hundreds digit of 43994210?
2
What is the thousands digit of 83921960?
1
What is the units digit of 59685659?
9
What is the units digit of 299931593?
3
What is the ten thousands digit of 4652076?
5
What is the hundred millions digit of 2472678759?
4
What is the hundred thousands digit of 346673478?
6
What is the ten thousands digit of 448624011?
2
What is the millions digit of 50861413?
0
What is the units digit of 178539996?
6
What is the ten millions digit of 249751466?
4
What is the ten thousands digit of 735722251?
2
What is the tens digit of 271520492?
9
What is the units digit of 96801486?
6
What is the millions digit of 3634750198?
4
What is the hundred millions digit of 3326169303?
3
What is the thousands digit of 185568651?
8
What is the millions digit of 85323672?
5
What is the millions digit of 309427738?
9
What is the millions digit of 3582695948?
2
What is the thousands digit of 140454418?
4
What is the hundred millions digit of 1136919398?
1
What is the ten thousands digit of 12965236?
6
What is the hundred thousands digit of 2530789?
5
What is the millions digit of 5482223523?
2
What is the hundred millions digit of 676958488?
6
What is the hundred millions digit of 1320896041?
3
What is the hundreds digit of 18594597?
5
What is the hundred thousands digit of 135274534?
2
What is the ten millions digit of 25149897?
2
What is the units digit of 22527523?
3
What is the ten millions digit of 22833870?
2
What is the ten millions digit of 114803567?
1
What is the hundred thousands digit of 41831204?
8
What is the tens digit of 105027228?
2
What is the hundred millions digit of 118648386?
1
What is the hundreds digit of 86337364?
3
What is the millions digit of 95432747?
5
What is the ten millions digit of 120345559?
2
What is the millions digit of 2633681?
2
What is the millions digit of 254287084?
4
What is the hundred millions digit of 6452641614?
4
What is the millions digit of 39192696?
9
What is the ten thousands digit of 11813598?
1
What is the units digit of 342756606?
6
What is the ten thousands digit of 810728984?
2
What is the ten thousands digit of 474056987?
5
What is the units digit of 126548413?
3
What is the thousands digit of 143833211?
3
What is the hundred millions digit of 308602410?
3
What is the hundred millions digit of 400692627?
4
What is the units digit of 126413857?
7
What is the ten thousands digit of 35115638?
1
What is the units digit of 40579578?
8
What is the units digit of 1657945495?
5
What is the thousands digit of 1572939183?
9
What is the thousands digit of 17555448?
5
What is the tens digit of 182394123?
2
What is the ten thousands digit of 1626402946?
0
What is the ten thousands digit of 670664957?
6
What is the ten thousands digit of 1912861189?
6
What is the hundred thousands digit of 198479332?
4
What is the hundred millions digit of 167458810?
1
What is the billions digit of 1070446833?
1
What is the thousands digit of 443839325?
9
What is the millions digit of 59218064?
9
What is the tens digit of 767689062?
6
What is the tens digit of 159215543?
4
What is the hundreds digit of 2460225182?
1
What is the hundreds digit of 577386942?
9
What is the tens digit of 24483405?
0
What is the millions d